{"id":35,"date":"2025-12-14T19:01:26","date_gmt":"2025-12-14T22:01:26","guid":{"rendered":"http:\/\/tcaconstrutora.com.br\/?page_id=35"},"modified":"2026-01-22T18:32:07","modified_gmt":"2026-01-22T21:32:07","slug":"sobre-nos","status":"publish","type":"page","link":"https:\/\/tcaconstrutora.com.br\/?page_id=35","title":{"rendered":"Sobre N\u00f3s"},"content":{"rendered":"\t\t<div data-elementor-type=\"wp-page\" data-elementor-id=\"35\" class=\"elementor elementor-35\" data-elementor-post-type=\"page\">\n\t\t\t\t<div class=\"elementor-element elementor-element-a33d270 e-flex e-con-boxed e-con e-parent\" data-id=\"a33d270\" data-element_type=\"container\" data-settings=\"{&quot;background_background&quot;:&quot;classic&quot;}\">\n\t\t\t\t\t<div class=\"e-con-inner\">\n\t\t\t\t<div class=\"elementor-element elementor-element-eca8e00 elementor-widget elementor-widget-spacer\" data-id=\"eca8e00\" data-element_type=\"widget\" data-widget_type=\"spacer.default\">\n\t\t\t\t<div class=\"elementor-widget-container\">\n\t\t\t\t\t\t\t<div class=\"elementor-spacer\">\n\t\t\t<div class=\"elementor-spacer-inner\"><\/div>\n\t\t<\/div>\n\t\t\t\t\t\t<\/div>\n\t\t\t\t<\/div>\n\t\t\t\t<div class=\"elementor-element elementor-element-140f961 elementor-widget elementor-widget-heading\" data-id=\"140f961\" data-element_type=\"widget\" data-widget_type=\"heading.default\">\n\t\t\t\t<div class=\"elementor-widget-container\">\n\t\t\t\t\t<h2 class=\"elementor-heading-title elementor-size-default\">Construir \u00e9 decidir bem desde o in\u00edcio.<\/h2>\t\t\t\t<\/div>\n\t\t\t\t<\/div>\n\t\t\t\t<div class=\"elementor-element elementor-element-8121ff8 elementor-widget elementor-widget-text-editor\" data-id=\"8121ff8\" data-element_type=\"widget\" data-widget_type=\"text-editor.default\">\n\t\t\t\t<div class=\"elementor-widget-container\">\n\t\t\t\t\t\t\t\t\t<p>Na TCA, cada obra nasce do planejamento, da engenharia aplicada e de processos claros que sustentam resultados s\u00f3lidos.<\/p>\t\t\t\t\t\t\t\t<\/div>\n\t\t\t\t<\/div>\n\t\t\t\t<div class=\"elementor-element elementor-element-7adba2c elementor-widget elementor-widget-spacer\" data-id=\"7adba2c\" data-element_type=\"widget\" data-widget_type=\"spacer.default\">\n\t\t\t\t<div class=\"elementor-widget-container\">\n\t\t\t\t\t\t\t<div class=\"elementor-spacer\">\n\t\t\t<div class=\"elementor-spacer-inner\"><\/div>\n\t\t<\/div>\n\t\t\t\t\t\t<\/div>\n\t\t\t\t<\/div>\n\t\t\t\t\t<\/div>\n\t\t\t\t<\/div>\n\t\t<div class=\"elementor-element elementor-element-03b1263 e-flex e-con-boxed e-con e-parent\" data-id=\"03b1263\" data-element_type=\"container\">\n\t\t\t\t\t<div class=\"e-con-inner\">\n\t\t<div class=\"elementor-element elementor-element-d56b94d e-con-full e-flex e-con e-child\" data-id=\"d56b94d\" data-element_type=\"container\">\n\t\t\t\t<div class=\"elementor-element elementor-element-c6a5e39 elementor-widget elementor-widget-heading\" data-id=\"c6a5e39\" data-element_type=\"widget\" data-widget_type=\"heading.default\">\n\t\t\t\t<div class=\"elementor-widget-container\">\n\t\t\t\t\t<h2 class=\"elementor-heading-title elementor-size-default\">Conhe\u00e7a a TCA<\/h2>\t\t\t\t<\/div>\n\t\t\t\t<\/div>\n\t\t\t\t<div class=\"elementor-element elementor-element-42e0846 elementor-widget-divider--view-line elementor-widget elementor-widget-divider\" data-id=\"42e0846\" data-element_type=\"widget\" data-widget_type=\"divider.default\">\n\t\t\t\t<div class=\"elementor-widget-container\">\n\t\t\t\t\t\t\t<div class=\"elementor-divider\">\n\t\t\t<span class=\"elementor-divider-separator\">\n\t\t\t\t\t\t<\/span>\n\t\t<\/div>\n\t\t\t\t\t\t<\/div>\n\t\t\t\t<\/div>\n\t\t\t\t<div class=\"elementor-element elementor-element-1f257ac elementor-widget elementor-widget-text-editor\" data-id=\"1f257ac\" data-element_type=\"widget\" data-widget_type=\"text-editor.default\">\n\t\t\t\t<div class=\"elementor-widget-container\">\n\t\t\t\t\t\t\t\t\t<p>A TCA nasceu de um prop\u00f3sito, que \u00e9 entregar<br \/>constru\u00e7\u00e3o com intelig\u00eancia. Partimos da ideia de que toda obra merece planejamento<br \/>s\u00f3lido, acompanhamento t\u00e9cnico e solu\u00e7\u00f5es que realmente fa\u00e7am sentido para cada<br \/>cliente.<br \/>Foi assim que evolu\u00edmos, ampliando capacidades, aprimorando processos e<br \/>construindo uma opera\u00e7\u00e3o que prioriza seguran\u00e7a, qualidade e resultados<br \/>consistentes.<\/p>\t\t\t\t\t\t\t\t<\/div>\n\t\t\t\t<\/div>\n\t\t\t\t<div class=\"elementor-element elementor-element-3f40c20 elementor-widget elementor-widget-button\" data-id=\"3f40c20\" data-element_type=\"widget\" data-widget_type=\"button.default\">\n\t\t\t\t<div class=\"elementor-widget-container\">\n\t\t\t\t\t\t\t\t\t<div class=\"elementor-button-wrapper\">\n\t\t\t\t\t<a class=\"elementor-button elementor-button-link elementor-size-sm\" href=\"#\">\n\t\t\t\t\t\t<span class=\"elementor-button-content-wrapper\">\n\t\t\t\t\t\t\t\t\t<span class=\"elementor-button-text\">Fale com nosso consultor<\/span>\n\t\t\t\t\t<\/span>\n\t\t\t\t\t<\/a>\n\t\t\t\t<\/div>\n\t\t\t\t\t\t\t\t<\/div>\n\t\t\t\t<\/div>\n\t\t\t\t<\/div>\n\t\t<div class=\"elementor-element elementor-element-19a7d39 e-con-full e-flex e-con e-child\" data-id=\"19a7d39\" data-element_type=\"container\">\n\t\t\t\t<div class=\"elementor-element elementor-element-e4900db elementor-widget elementor-widget-image\" data-id=\"e4900db\" data-element_type=\"widget\" data-widget_type=\"image.default\">\n\t\t\t\t<div class=\"elementor-widget-container\">\n\t\t\t\t\t\t\t\t\t\t\t\t\t\t\t<img fetchpriority=\"high\" decoding=\"async\" width=\"800\" height=\"800\" src=\"https:\/\/tcaconstrutora.com.br\/wp-content\/uploads\/2025\/12\/seta-1024x1024.png\" class=\"attachment-large size-large wp-image-19\" alt=\"\" srcset=\"https:\/\/tcaconstrutora.com.br\/wp-content\/uploads\/2025\/12\/seta-1024x1024.png 1024w, https:\/\/tcaconstrutora.com.br\/wp-content\/uploads\/2025\/12\/seta-300x300.png 300w, https:\/\/tcaconstrutora.com.br\/wp-content\/uploads\/2025\/12\/seta-150x150.png 150w, https:\/\/tcaconstrutora.com.br\/wp-content\/uploads\/2025\/12\/seta-768x768.png 768w, https:\/\/tcaconstrutora.com.br\/wp-content\/uploads\/2025\/12\/seta.png 1313w\" sizes=\"(max-width: 800px) 100vw, 800px\" \/>\t\t\t\t\t\t\t\t\t\t\t\t\t\t\t<\/div>\n\t\t\t\t<\/div>\n\t\t\t\t<\/div>\n\t\t\t\t\t<\/div>\n\t\t\t\t<\/div>\n\t\t<div class=\"elementor-element elementor-element-7e17ba9 e-flex e-con-boxed e-con e-parent\" data-id=\"7e17ba9\" data-element_type=\"container\">\n\t\t\t\t\t<div class=\"e-con-inner\">\n\t\t\t\t<div class=\"elementor-element elementor-element-3ae222c elementor-widget elementor-widget-heading\" data-id=\"3ae222c\" data-element_type=\"widget\" data-widget_type=\"heading.default\">\n\t\t\t\t<div class=\"elementor-widget-container\">\n\t\t\t\t\t<h2 class=\"elementor-heading-title elementor-size-default\">Miss\u00e3o, Vis\u00e3o e Valores<\/h2>\t\t\t\t<\/div>\n\t\t\t\t<\/div>\n\t\t\t\t<div class=\"elementor-element elementor-element-7295f90 elementor-widget-divider--view-line elementor-widget elementor-widget-divider\" data-id=\"7295f90\" data-element_type=\"widget\" data-widget_type=\"divider.default\">\n\t\t\t\t<div class=\"elementor-widget-container\">\n\t\t\t\t\t\t\t<div class=\"elementor-divider\">\n\t\t\t<span class=\"elementor-divider-separator\">\n\t\t\t\t\t\t<\/span>\n\t\t<\/div>\n\t\t\t\t\t\t<\/div>\n\t\t\t\t<\/div>\n\t\t\t\t<div class=\"elementor-element elementor-element-a304d2c elementor-widget elementor-widget-text-editor\" data-id=\"a304d2c\" data-element_type=\"widget\" data-widget_type=\"text-editor.default\">\n\t\t\t\t<div class=\"elementor-widget-container\">\n\t\t\t\t\t\t\t\t\t<p>Nossa ess\u00eancia \u00e9 construir com consci\u00eancia. A TCA existe para entregar obras inteligentes, guiadas por decis\u00f5es t\u00e9cnicas, processos transparentes e resultados que se mant\u00eam firmes ao longo do tempo.<\/p><p>A TCA \u00e9 firme como um alicerce, leve como um bom projeto. E nossa comunica\u00e7\u00e3o une precis\u00e3o t\u00e9cnica e fluidez, traduzindo complexidade em clareza. Falamos com prop\u00f3sito, sempre com a base bem definida. E constru\u00edmos processos t\u00e3o s\u00f3lidos quanto as obras que entregamos. Observamos, planejamos, calculamos e executamos. Cada etapa \u00e9 tratada como um bloco essencial, posicionado no lugar certo para que o resultado seja seguro, eficiente e feito sob medida.<\/p>\t\t\t\t\t\t\t\t<\/div>\n\t\t\t\t<\/div>\n\t\t\t\t\t<\/div>\n\t\t\t\t<\/div>\n\t\t<div class=\"elementor-element elementor-element-2bb0cbe e-flex e-con-boxed e-con e-parent\" data-id=\"2bb0cbe\" data-element_type=\"container\">\n\t\t\t\t\t<div class=\"e-con-inner\">\n\t\t<div class=\"elementor-element elementor-element-0ff3719 e-con-full e-flex e-con e-child\" data-id=\"0ff3719\" data-element_type=\"container\">\n\t\t\t\t<div class=\"elementor-element elementor-element-def60ff elementor-widget elementor-widget-image\" data-id=\"def60ff\" data-element_type=\"widget\" data-widget_type=\"image.default\">\n\t\t\t\t<div class=\"elementor-widget-container\">\n\t\t\t\t\t\t\t\t\t\t\t\t\t\t\t<img decoding=\"async\" width=\"800\" height=\"450\" src=\"https:\/\/tcaconstrutora.com.br\/wp-content\/uploads\/2026\/01\/WhatsApp-Image-2025-01-26-at-10.28.49-1024x576.jpeg\" class=\"attachment-large size-large wp-image-233\" alt=\"\" srcset=\"https:\/\/tcaconstrutora.com.br\/wp-content\/uploads\/2026\/01\/WhatsApp-Image-2025-01-26-at-10.28.49-1024x576.jpeg 1024w, https:\/\/tcaconstrutora.com.br\/wp-content\/uploads\/2026\/01\/WhatsApp-Image-2025-01-26-at-10.28.49-300x169.jpeg 300w, https:\/\/tcaconstrutora.com.br\/wp-content\/uploads\/2026\/01\/WhatsApp-Image-2025-01-26-at-10.28.49-768x432.jpeg 768w, https:\/\/tcaconstrutora.com.br\/wp-content\/uploads\/2026\/01\/WhatsApp-Image-2025-01-26-at-10.28.49-1536x864.jpeg 1536w, https:\/\/tcaconstrutora.com.br\/wp-content\/uploads\/2026\/01\/WhatsApp-Image-2025-01-26-at-10.28.49.jpeg 1600w\" sizes=\"(max-width: 800px) 100vw, 800px\" \/>\t\t\t\t\t\t\t\t\t\t\t\t\t\t\t<\/div>\n\t\t\t\t<\/div>\n\t\t\t\t<\/div>\n\t\t<div class=\"elementor-element elementor-element-dfbd69f e-con-full e-flex e-con e-child\" data-id=\"dfbd69f\" data-element_type=\"container\">\n\t\t\t\t<div class=\"elementor-element elementor-element-c0b7c8b elementor-widget elementor-widget-image\" data-id=\"c0b7c8b\" data-element_type=\"widget\" data-widget_type=\"image.default\">\n\t\t\t\t<div class=\"elementor-widget-container\">\n\t\t\t\t\t\t\t\t\t\t\t\t\t\t\t<img decoding=\"async\" width=\"800\" height=\"450\" src=\"https:\/\/tcaconstrutora.com.br\/wp-content\/uploads\/2026\/01\/WhatsApp-Image-2025-01-26-at-10.28.51-1024x576.jpeg\" class=\"attachment-large size-large wp-image-234\" alt=\"\" srcset=\"https:\/\/tcaconstrutora.com.br\/wp-content\/uploads\/2026\/01\/WhatsApp-Image-2025-01-26-at-10.28.51-1024x576.jpeg 1024w, https:\/\/tcaconstrutora.com.br\/wp-content\/uploads\/2026\/01\/WhatsApp-Image-2025-01-26-at-10.28.51-300x169.jpeg 300w, https:\/\/tcaconstrutora.com.br\/wp-content\/uploads\/2026\/01\/WhatsApp-Image-2025-01-26-at-10.28.51-768x432.jpeg 768w, https:\/\/tcaconstrutora.com.br\/wp-content\/uploads\/2026\/01\/WhatsApp-Image-2025-01-26-at-10.28.51.jpeg 1032w\" sizes=\"(max-width: 800px) 100vw, 800px\" \/>\t\t\t\t\t\t\t\t\t\t\t\t\t\t\t<\/div>\n\t\t\t\t<\/div>\n\t\t\t\t<\/div>\n\t\t<div class=\"elementor-element elementor-element-ce568a3 e-con-full e-flex e-con e-child\" data-id=\"ce568a3\" data-element_type=\"container\">\n\t\t\t\t<div class=\"elementor-element elementor-element-db7492d elementor-widget elementor-widget-image\" data-id=\"db7492d\" data-element_type=\"widget\" data-widget_type=\"image.default\">\n\t\t\t\t<div class=\"elementor-widget-container\">\n\t\t\t\t\t\t\t\t\t\t\t\t\t\t\t<img loading=\"lazy\" decoding=\"async\" width=\"800\" height=\"450\" src=\"https:\/\/tcaconstrutora.com.br\/wp-content\/uploads\/2026\/01\/WhatsApp-Image-2025-01-30-at-14.20.07-2-1024x576.jpeg\" class=\"attachment-large size-large wp-image-235\" alt=\"\" srcset=\"https:\/\/tcaconstrutora.com.br\/wp-content\/uploads\/2026\/01\/WhatsApp-Image-2025-01-30-at-14.20.07-2-1024x576.jpeg 1024w, https:\/\/tcaconstrutora.com.br\/wp-content\/uploads\/2026\/01\/WhatsApp-Image-2025-01-30-at-14.20.07-2-300x169.jpeg 300w, https:\/\/tcaconstrutora.com.br\/wp-content\/uploads\/2026\/01\/WhatsApp-Image-2025-01-30-at-14.20.07-2-768x432.jpeg 768w, https:\/\/tcaconstrutora.com.br\/wp-content\/uploads\/2026\/01\/WhatsApp-Image-2025-01-30-at-14.20.07-2-1536x864.jpeg 1536w, https:\/\/tcaconstrutora.com.br\/wp-content\/uploads\/2026\/01\/WhatsApp-Image-2025-01-30-at-14.20.07-2.jpeg 1599w\" sizes=\"(max-width: 800px) 100vw, 800px\" \/>\t\t\t\t\t\t\t\t\t\t\t\t\t\t\t<\/div>\n\t\t\t\t<\/div>\n\t\t\t\t<\/div>\n\t\t<div class=\"elementor-element elementor-element-74dec2c e-con-full e-flex e-con e-child\" data-id=\"74dec2c\" data-element_type=\"container\">\n\t\t\t\t<div class=\"elementor-element elementor-element-7b04cb6 elementor-widget elementor-widget-image\" data-id=\"7b04cb6\" data-element_type=\"widget\" data-widget_type=\"image.default\">\n\t\t\t\t<div class=\"elementor-widget-container\">\n\t\t\t\t\t\t\t\t\t\t\t\t\t\t\t<img loading=\"lazy\" decoding=\"async\" width=\"800\" height=\"450\" src=\"https:\/\/tcaconstrutora.com.br\/wp-content\/uploads\/2026\/01\/WhatsApp-Image-2025-02-06-at-14.28.12-3-1024x576.jpeg\" class=\"attachment-large size-large wp-image-236\" alt=\"\" srcset=\"https:\/\/tcaconstrutora.com.br\/wp-content\/uploads\/2026\/01\/WhatsApp-Image-2025-02-06-at-14.28.12-3-1024x576.jpeg 1024w, https:\/\/tcaconstrutora.com.br\/wp-content\/uploads\/2026\/01\/WhatsApp-Image-2025-02-06-at-14.28.12-3-300x169.jpeg 300w, https:\/\/tcaconstrutora.com.br\/wp-content\/uploads\/2026\/01\/WhatsApp-Image-2025-02-06-at-14.28.12-3-768x432.jpeg 768w, https:\/\/tcaconstrutora.com.br\/wp-content\/uploads\/2026\/01\/WhatsApp-Image-2025-02-06-at-14.28.12-3-1536x864.jpeg 1536w, https:\/\/tcaconstrutora.com.br\/wp-content\/uploads\/2026\/01\/WhatsApp-Image-2025-02-06-at-14.28.12-3.jpeg 1600w\" sizes=\"(max-width: 800px) 100vw, 800px\" \/>\t\t\t\t\t\t\t\t\t\t\t\t\t\t\t<\/div>\n\t\t\t\t<\/div>\n\t\t\t\t<\/div>\n\t\t\t\t\t<\/div>\n\t\t\t\t<\/div>\n\t\t<div class=\"elementor-element elementor-element-1c414ee e-flex e-con-boxed e-con e-parent\" data-id=\"1c414ee\" data-element_type=\"container\" data-settings=\"{&quot;background_background&quot;:&quot;classic&quot;}\">\n\t\t\t\t\t<div class=\"e-con-inner\">\n\t\t<div class=\"elementor-element elementor-element-ad5cf4c e-con-full e-flex e-con e-child\" data-id=\"ad5cf4c\" data-element_type=\"container\">\n\t\t\t\t<div class=\"elementor-element elementor-element-5cdb899 elementor-widget elementor-widget-heading\" data-id=\"5cdb899\" data-element_type=\"widget\" data-widget_type=\"heading.default\">\n\t\t\t\t<div class=\"elementor-widget-container\">\n\t\t\t\t\t<h2 class=\"elementor-heading-title elementor-size-default\">Miss\u00e3o, Vis\u00e3o e Valores<\/h2>\t\t\t\t<\/div>\n\t\t\t\t<\/div>\n\t\t\t\t<div class=\"elementor-element elementor-element-329c8f3 elementor-widget-divider--view-line elementor-widget elementor-widget-divider\" data-id=\"329c8f3\" data-element_type=\"widget\" data-widget_type=\"divider.default\">\n\t\t\t\t<div class=\"elementor-widget-container\">\n\t\t\t\t\t\t\t<div class=\"elementor-divider\">\n\t\t\t<span class=\"elementor-divider-separator\">\n\t\t\t\t\t\t<\/span>\n\t\t<\/div>\n\t\t\t\t\t\t<\/div>\n\t\t\t\t<\/div>\n\t\t\t\t<\/div>\n\t\t<div class=\"elementor-element elementor-element-bdfc63f e-con-full e-flex e-con e-child\" data-id=\"bdfc63f\" data-element_type=\"container\">\n\t\t\t\t<div class=\"elementor-element elementor-element-0cdd0c1 elementor-widget elementor-widget-text-editor\" data-id=\"0cdd0c1\" data-element_type=\"widget\" data-widget_type=\"text-editor.default\">\n\t\t\t\t<div class=\"elementor-widget-container\">\n\t\t\t\t\t\t\t\t\t<div class=\"flex flex-col text-sm @w-xl\/main:pt-header-height pb-25\"><article class=\"text-token-text-primary w-full focus:outline-none [--shadow-height:45px] has-data-writing-block:pointer-events-none has-data-writing-block:-mt-(--shadow-height) has-data-writing-block:pt-(--shadow-height) [&amp;:has([data-writing-block])&gt;*]:pointer-events-auto scroll-mt-[calc(var(--header-height)+min(200px,max(70px,20svh)))]\" dir=\"auto\" tabindex=\"-1\" data-turn-id=\"request-693a0a0d-0450-8333-8b91-5e25de8907b5-1\" data-testid=\"conversation-turn-14\" data-scroll-anchor=\"true\" data-turn=\"assistant\"><div class=\"text-base my-auto mx-auto pb-10 [--thread-content-margin:--spacing(4)] @w-sm\/main:[--thread-content-margin:--spacing(6)] @w-lg\/main:[--thread-content-margin:--spacing(16)] px-(--thread-content-margin)\"><div class=\"[--thread-content-max-width:40rem] @w-lg\/main:[--thread-content-max-width:48rem] mx-auto max-w-(--thread-content-max-width) flex-1 group\/turn-messages focus-visible:outline-hidden relative flex w-full min-w-0 flex-col agent-turn\" tabindex=\"-1\"><div class=\"flex max-w-full flex-col grow\"><div class=\"min-h-8 text-message relative flex w-full flex-col items-end gap-2 text-start break-words whitespace-normal [.text-message+&amp;]:mt-1\" dir=\"auto\" data-message-author-role=\"assistant\" data-message-id=\"38ee46eb-0e46-4065-ba40-172578efbf08\" data-message-model-slug=\"gpt-5-2\"><div class=\"flex w-full flex-col gap-1 empty:hidden first:pt-[1px]\"><div class=\"markdown prose dark:prose-invert w-full break-words light markdown-new-styling\"><p data-start=\"88\" data-end=\"222\"><strong data-start=\"88\" data-end=\"98\">Miss\u00e3o<\/strong><br data-start=\"98\" data-end=\"101\" \/>Transformar ideias em estruturas s\u00f3lidas, conduzindo cada obra com planejamento, m\u00e9todo e decis\u00f5es feitas do jeito certo.<\/p><p data-start=\"224\" data-end=\"364\"><strong data-start=\"224\" data-end=\"233\">Vis\u00e3o<\/strong><br data-start=\"233\" data-end=\"236\" \/>Ser refer\u00eancia em constru\u00e7\u00e3o respons\u00e1vel, unindo t\u00e9cnica, clareza e humanidade em processos que sustentam resultados duradouros.<\/p><p data-start=\"366\" data-end=\"542\" data-is-last-node=\"\" data-is-only-node=\"\"><strong data-start=\"366\" data-end=\"377\">Valores<\/strong><br data-start=\"377\" data-end=\"380\" \/>Agimos com \u00e9tica e responsabilidade, valorizamos processos claros, aten\u00e7\u00e3o aos detalhes, excel\u00eancia em cada entrega e evolu\u00e7\u00e3o cont\u00ednua em tudo o que constru\u00edmos.<\/p><\/div><\/div><\/div><\/div><\/div><\/div><\/article><\/div>\t\t\t\t\t\t\t\t<\/div>\n\t\t\t\t<\/div>\n\t\t\t\t<\/div>\n\t\t\t\t\t<\/div>\n\t\t\t\t<\/div>\n\t\t\t\t<\/div>\n\t\t","protected":false},"excerpt":{"rendered":"<p>Construir \u00e9 decidir bem desde o in\u00edcio. Na TCA, cada obra nasce do planejamento, da engenharia aplicada e de processos claros que sustentam resultados s\u00f3lidos. Conhe\u00e7a a TCA A TCA nasceu de um prop\u00f3sito, que \u00e9 entregarconstru\u00e7\u00e3o com intelig\u00eancia. Partimos da ideia de que toda obra merece planejamentos\u00f3lido, acompanhamento t\u00e9cnico e solu\u00e7\u00f5es que realmente fa\u00e7am [&hellip;]<\/p>\n","protected":false},"author":1,"featured_media":0,"parent":0,"menu_order":0,"comment_status":"closed","ping_status":"closed","template":"elementor_header_footer","meta":{"footnotes":""},"class_list":["post-35","page","type-page","status-publish","hentry"],"_links":{"self":[{"href":"https:\/\/tcaconstrutora.com.br\/index.php?rest_route=\/wp\/v2\/pages\/35","targetHints":{"allow":["GET"]}}],"collection":[{"href":"https:\/\/tcaconstrutora.com.br\/index.php?rest_route=\/wp\/v2\/pages"}],"about":[{"href":"https:\/\/tcaconstrutora.com.br\/index.php?rest_route=\/wp\/v2\/types\/page"}],"author":[{"embeddable":true,"href":"https:\/\/tcaconstrutora.com.br\/index.php?rest_route=\/wp\/v2\/users\/1"}],"replies":[{"embeddable":true,"href":"https:\/\/tcaconstrutora.com.br\/index.php?rest_route=%2Fwp%2Fv2%2Fcomments&post=35"}],"version-history":[{"count":19,"href":"https:\/\/tcaconstrutora.com.br\/index.php?rest_route=\/wp\/v2\/pages\/35\/revisions"}],"predecessor-version":[{"id":239,"href":"https:\/\/tcaconstrutora.com.br\/index.php?rest_route=\/wp\/v2\/pages\/35\/revisions\/239"}],"wp:attachment":[{"href":"https:\/\/tcaconstrutora.com.br\/index.php?rest_route=%2Fwp%2Fv2%2Fmedia&parent=35"}],"curies":[{"name":"wp","href":"https:\/\/api.w.org\/{rel}","templated":true}]}}